{"id":136,"date":"2021-02-25T14:58:44","date_gmt":"2021-02-25T14:58:44","guid":{"rendered":"https:\/\/floorsensation.pt\/?page_id=136"},"modified":"2021-03-01T08:37:04","modified_gmt":"2021-03-01T08:37:04","slug":"loja","status":"publish","type":"page","link":"https:\/\/floorsensation.pt\/index.php\/loja\/","title":{"rendered":"Loja"},"content":{"rendered":"\n[et_pb_section fb_built=&#8221;1&#8243; _builder_version=&#8221;4.9.0&#8243; _module_preset=&#8221;default&#8221; custom_padding=&#8221;5%||10%||false|false&#8221; da_disable_devices=&#8221;off|off|off&#8221; da_is_popup=&#8221;off&#8221; da_exit_intent=&#8221;off&#8221; da_has_close=&#8221;on&#8221; da_alt_close=&#8221;off&#8221; da_dark_close=&#8221;off&#8221; da_not_modal=&#8221;on&#8221; da_is_singular=&#8221;off&#8221; da_with_loader=&#8221;off&#8221; da_has_shadow=&#8221;on&#8221;][et_pb_row _builder_version=&#8221;4.9.0&#8243; _module_preset=&#8221;default&#8221;][et_pb_column type=&#8221;4_4&#8243; _builder_version=&#8221;4.9.0&#8243; _module_preset=&#8221;default&#8221;][et_pb_shop show_pagination=&#8221;on&#8221; icon_hover_color=&#8221;#88052f&#8221; _builder_version=&#8221;4.9.0&#8243; _module_preset=&#8221;default&#8221; title_font=&#8221;Omega|600|||||||&#8221; title_text_color=&#8221;#101d52&#8243; price_font=&#8221;Omega||||||||&#8221; price_text_color=&#8221;#88052f&#8221;][\/et_pb_shop][\/et_pb_column][\/et_pb_row][\/et_pb_section]\n","protected":false},"excerpt":{"rendered":"","protected":false},"author":1,"featured_media":0,"parent":0,"menu_order":7,"comment_status":"closed","ping_status":"closed","template":"","meta":{"_et_pb_use_builder":"on","_et_pb_old_content":"","_et_gb_content_width":"","footnotes":""},"class_list":["post-136","page","type-page","status-publish","hentry"],"yoast_head":"<!-- This site is optimized with the Yoast SEO plugin v27.6 - https:\/\/yoast.com\/product\/yoast-seo-wordpress\/ -->\n<title>Loja - Floor Sensation - Experi\u00eancias e Emo\u00e7\u00f5es para Eventos<\/title>\n<meta name=\"description\" content=\"Alugue equipamento e material para Anima\u00e7\u00e3o de Eventos | Pistas de LEDS | Pistas de Dan\u00e7a | Live Music | Mobili\u00e1rio para Eventos | Arte para Eventos | Audiovisuais para Eventos | Casamentos | Batizados | Eventos para Empresas | Despedidas de Solteiro | Eventos Privados | Ano Novo | Anivers\u00e1rios\" \/>\n<meta name=\"robots\" content=\"index, follow, max-snippet:-1, max-image-preview:large, max-video-preview:-1\" \/>\n<link rel=\"canonical\" href=\"https:\/\/floorsensation.pt\/index.php\/loja\/\" \/>\n<meta property=\"og:locale\" content=\"pt_PT\" \/>\n<meta property=\"og:type\" content=\"article\" \/>\n<meta property=\"og:title\" content=\"Loja - Floor Sensation - Experi\u00eancias e Emo\u00e7\u00f5es para Eventos\" \/>\n<meta property=\"og:description\" content=\"Alugue equipamento e material para Anima\u00e7\u00e3o de Eventos | Pistas de LEDS | Pistas de Dan\u00e7a | Live Music | Mobili\u00e1rio para Eventos | Arte para Eventos | Audiovisuais para Eventos | Casamentos | Batizados | Eventos para Empresas | Despedidas de Solteiro | Eventos Privados | Ano Novo | Anivers\u00e1rios\" \/>\n<meta property=\"og:url\" content=\"https:\/\/floorsensation.pt\/index.php\/loja\/\" \/>\n<meta property=\"og:site_name\" content=\"Floor Sensation - Experi\u00eancias e Emo\u00e7\u00f5es para Eventos\" \/>\n<meta property=\"article:modified_time\" content=\"2021-03-01T08:37:04+00:00\" \/>\n<meta name=\"twitter:card\" content=\"summary_large_image\" \/>\n<meta name=\"twitter:label1\" content=\"Tempo estimado de leitura\" \/>\n\t<meta name=\"twitter:data1\" content=\"1 minuto\" \/>\n<script type=\"application\/ld+json\" class=\"yoast-schema-graph\">{\"@context\":\"https:\\\/\\\/schema.org\",\"@graph\":[{\"@type\":\"WebPage\",\"@id\":\"https:\\\/\\\/floorsensation.pt\\\/index.php\\\/loja\\\/\",\"url\":\"https:\\\/\\\/floorsensation.pt\\\/index.php\\\/loja\\\/\",\"name\":\"Loja - Floor Sensation - Experi\u00eancias e Emo\u00e7\u00f5es para Eventos\",\"isPartOf\":{\"@id\":\"https:\\\/\\\/floorsensation.pt\\\/#website\"},\"datePublished\":\"2021-02-25T14:58:44+00:00\",\"dateModified\":\"2021-03-01T08:37:04+00:00\",\"description\":\"Alugue equipamento e material para Anima\u00e7\u00e3o de Eventos | Pistas de LEDS | Pistas de Dan\u00e7a | Live Music | Mobili\u00e1rio para Eventos | Arte para Eventos | Audiovisuais para Eventos | Casamentos | Batizados | Eventos para Empresas | Despedidas de Solteiro | Eventos Privados | Ano Novo | Anivers\u00e1rios\",\"breadcrumb\":{\"@id\":\"https:\\\/\\\/floorsensation.pt\\\/index.php\\\/loja\\\/#breadcrumb\"},\"inLanguage\":\"pt-PT\",\"potentialAction\":[{\"@type\":\"ReadAction\",\"target\":[\"https:\\\/\\\/floorsensation.pt\\\/index.php\\\/loja\\\/\"]}]},{\"@type\":\"BreadcrumbList\",\"@id\":\"https:\\\/\\\/floorsensation.pt\\\/index.php\\\/loja\\\/#breadcrumb\",\"itemListElement\":[{\"@type\":\"ListItem\",\"position\":1,\"name\":\"In\u00edcio\",\"item\":\"https:\\\/\\\/floorsensation.pt\\\/\"},{\"@type\":\"ListItem\",\"position\":2,\"name\":\"Loja\"}]},{\"@type\":\"WebSite\",\"@id\":\"https:\\\/\\\/floorsensation.pt\\\/#website\",\"url\":\"https:\\\/\\\/floorsensation.pt\\\/\",\"name\":\"Floor Sensation - Experi\u00eancias e Emo\u00e7\u00f5es para Eventos\",\"description\":\"Floor Sensation - Experi\u00eancias e Emo\u00e7\u00f5es para Eventos\",\"potentialAction\":[{\"@type\":\"SearchAction\",\"target\":{\"@type\":\"EntryPoint\",\"urlTemplate\":\"https:\\\/\\\/floorsensation.pt\\\/?s={search_term_string}\"},\"query-input\":{\"@type\":\"PropertyValueSpecification\",\"valueRequired\":true,\"valueName\":\"search_term_string\"}}],\"inLanguage\":\"pt-PT\"}]}<\/script>\n<!-- \/ Yoast SEO plugin. -->","yoast_head_json":{"title":"Loja - Floor Sensation - Experi\u00eancias e Emo\u00e7\u00f5es para Eventos","description":"Alugue equipamento e material para Anima\u00e7\u00e3o de Eventos | Pistas de LEDS | Pistas de Dan\u00e7a | Live Music | Mobili\u00e1rio para Eventos | Arte para Eventos | Audiovisuais para Eventos | Casamentos | Batizados | Eventos para Empresas | Despedidas de Solteiro | Eventos Privados | Ano Novo | Anivers\u00e1rios","robots":{"index":"index","follow":"follow","max-snippet":"max-snippet:-1","max-image-preview":"max-image-preview:large","max-video-preview":"max-video-preview:-1"},"canonical":"https:\/\/floorsensation.pt\/index.php\/loja\/","og_locale":"pt_PT","og_type":"article","og_title":"Loja - Floor Sensation - Experi\u00eancias e Emo\u00e7\u00f5es para Eventos","og_description":"Alugue equipamento e material para Anima\u00e7\u00e3o de Eventos | Pistas de LEDS | Pistas de Dan\u00e7a | Live Music | Mobili\u00e1rio para Eventos | Arte para Eventos | Audiovisuais para Eventos | Casamentos | Batizados | Eventos para Empresas | Despedidas de Solteiro | Eventos Privados | Ano Novo | Anivers\u00e1rios","og_url":"https:\/\/floorsensation.pt\/index.php\/loja\/","og_site_name":"Floor Sensation - Experi\u00eancias e Emo\u00e7\u00f5es para Eventos","article_modified_time":"2021-03-01T08:37:04+00:00","twitter_card":"summary_large_image","twitter_misc":{"Tempo estimado de leitura":"1 minuto"},"schema":{"@context":"https:\/\/schema.org","@graph":[{"@type":"WebPage","@id":"https:\/\/floorsensation.pt\/index.php\/loja\/","url":"https:\/\/floorsensation.pt\/index.php\/loja\/","name":"Loja - Floor Sensation - Experi\u00eancias e Emo\u00e7\u00f5es para Eventos","isPartOf":{"@id":"https:\/\/floorsensation.pt\/#website"},"datePublished":"2021-02-25T14:58:44+00:00","dateModified":"2021-03-01T08:37:04+00:00","description":"Alugue equipamento e material para Anima\u00e7\u00e3o de Eventos | Pistas de LEDS | Pistas de Dan\u00e7a | Live Music | Mobili\u00e1rio para Eventos | Arte para Eventos | Audiovisuais para Eventos | Casamentos | Batizados | Eventos para Empresas | Despedidas de Solteiro | Eventos Privados | Ano Novo | Anivers\u00e1rios","breadcrumb":{"@id":"https:\/\/floorsensation.pt\/index.php\/loja\/#breadcrumb"},"inLanguage":"pt-PT","potentialAction":[{"@type":"ReadAction","target":["https:\/\/floorsensation.pt\/index.php\/loja\/"]}]},{"@type":"BreadcrumbList","@id":"https:\/\/floorsensation.pt\/index.php\/loja\/#breadcrumb","itemListElement":[{"@type":"ListItem","position":1,"name":"In\u00edcio","item":"https:\/\/floorsensation.pt\/"},{"@type":"ListItem","position":2,"name":"Loja"}]},{"@type":"WebSite","@id":"https:\/\/floorsensation.pt\/#website","url":"https:\/\/floorsensation.pt\/","name":"Floor Sensation - Experi\u00eancias e Emo\u00e7\u00f5es para Eventos","description":"Floor Sensation - Experi\u00eancias e Emo\u00e7\u00f5es para Eventos","potentialAction":[{"@type":"SearchAction","target":{"@type":"EntryPoint","urlTemplate":"https:\/\/floorsensation.pt\/?s={search_term_string}"},"query-input":{"@type":"PropertyValueSpecification","valueRequired":true,"valueName":"search_term_string"}}],"inLanguage":"pt-PT"}]}},"jetpack_sharing_enabled":true,"_links":{"self":[{"href":"https:\/\/floorsensation.pt\/index.php\/wp-json\/wp\/v2\/pages\/136","targetHints":{"allow":["GET"]}}],"collection":[{"href":"https:\/\/floorsensation.pt\/index.php\/wp-json\/wp\/v2\/pages"}],"about":[{"href":"https:\/\/floorsensation.pt\/index.php\/wp-json\/wp\/v2\/types\/page"}],"author":[{"embeddable":true,"href":"https:\/\/floorsensation.pt\/index.php\/wp-json\/wp\/v2\/users\/1"}],"replies":[{"embeddable":true,"href":"https:\/\/floorsensation.pt\/index.php\/wp-json\/wp\/v2\/comments?post=136"}],"version-history":[{"count":5,"href":"https:\/\/floorsensation.pt\/index.php\/wp-json\/wp\/v2\/pages\/136\/revisions"}],"predecessor-version":[{"id":599,"href":"https:\/\/floorsensation.pt\/index.php\/wp-json\/wp\/v2\/pages\/136\/revisions\/599"}],"wp:attachment":[{"href":"https:\/\/floorsensation.pt\/index.php\/wp-json\/wp\/v2\/media?parent=136"}],"curies":[{"name":"wp","href":"https:\/\/api.w.org\/{rel}","templated":true}]}}